{"id":801,"date":"2026-03-02T22:16:53","date_gmt":"2026-03-03T03:16:53","guid":{"rendered":"https:\/\/web.hilo.org.pe\/?page_id=801"},"modified":"2026-03-02T22:18:43","modified_gmt":"2026-03-03T03:18:43","slug":"pastoral-carcelaria-2","status":"publish","type":"page","link":"https:\/\/ceas.org.pe\/index.php\/pastoral-carcelaria-2\/","title":{"rendered":"Pastoral carcelaria"},"content":{"rendered":"\t\t<div data-elementor-type=\"wp-page\" data-elementor-id=\"801\" class=\"elementor elementor-801\">\n\t\t\t\t<div class=\"elementor-element elementor-element-b83c233 e-con-full e-flex e-con e-parent\" data-id=\"b83c233\" data-element_type=\"container\" data-e-type=\"container\" data-settings=\"{&quot;background_background&quot;:&quot;classic&quot;}\">\n\t\t\t\t<div class=\"elementor-element elementor-element-79eb3f2 elementor-pagination-position-inside elementor-widget__width-inherit elementor-widget elementor-widget-image-carousel\" data-id=\"79eb3f2\" data-element_type=\"widget\" data-e-type=\"widget\" data-settings=\"{&quot;slides_to_show&quot;:&quot;1&quot;,&quot;navigation&quot;:&quot;dots&quot;,&quot;autoplay&quot;:&quot;yes&quot;,&quot;pause_on_hover&quot;:&quot;yes&quot;,&quot;pause_on_interaction&quot;:&quot;yes&quot;,&quot;autoplay_speed&quot;:5000,&quot;infinite&quot;:&quot;yes&quot;,&quot;effect&quot;:&quot;slide&quot;,&quot;speed&quot;:500}\" data-widget_type=\"image-carousel.default\">\n\t\t\t\t\t\t\t<div class=\"elementor-image-carousel-wrapper swiper\" role=\"region\" aria-roledescription=\"carousel\" aria-label=\"Carrusel de im\u00e1genes\" dir=\"ltr\">\n\t\t\t<div class=\"elementor-image-carousel swiper-wrapper swiper-image-stretch\" aria-live=\"off\">\n\t\t\t\t\t\t\t\t<div class=\"swiper-slide\" role=\"group\" aria-roledescription=\"slide\" aria-label=\"1 de 6\"><figure class=\"swiper-slide-inner\"><img decoding=\"async\" class=\"swiper-slide-image\" src=\"https:\/\/ceas.org.pe\/wp-content\/uploads\/2026\/03\/CEAS_banner000.jpg\" alt=\"CEAS_banner000\" \/><\/figure><\/div><div class=\"swiper-slide\" role=\"group\" aria-roledescription=\"slide\" aria-label=\"2 de 6\"><figure class=\"swiper-slide-inner\"><img decoding=\"async\" class=\"swiper-slide-image\" src=\"https:\/\/ceas.org.pe\/wp-content\/uploads\/2026\/03\/CEAS_banner003.jpg\" alt=\"CEAS_banner003\" \/><\/figure><\/div><div class=\"swiper-slide\" role=\"group\" aria-roledescription=\"slide\" aria-label=\"3 de 6\"><figure class=\"swiper-slide-inner\"><img decoding=\"async\" class=\"swiper-slide-image\" src=\"https:\/\/ceas.org.pe\/wp-content\/uploads\/2026\/03\/BANNER-WEB-agosto.png\" alt=\"BANNER-WEB-agosto\" \/><\/figure><\/div><div class=\"swiper-slide\" role=\"group\" aria-roledescription=\"slide\" aria-label=\"4 de 6\"><figure class=\"swiper-slide-inner\"><img decoding=\"async\" class=\"swiper-slide-image\" src=\"https:\/\/ceas.org.pe\/wp-content\/uploads\/2026\/03\/CBC-01.png\" alt=\"CBC-01\" \/><\/figure><\/div><div class=\"swiper-slide\" role=\"group\" aria-roledescription=\"slide\" aria-label=\"5 de 6\"><figure class=\"swiper-slide-inner\"><img decoding=\"async\" class=\"swiper-slide-image\" src=\"https:\/\/ceas.org.pe\/wp-content\/uploads\/2026\/03\/JPP.png\" alt=\"JPP\" \/><\/figure><\/div><div class=\"swiper-slide\" role=\"group\" aria-roledescription=\"slide\" aria-label=\"6 de 6\"><figure class=\"swiper-slide-inner\"><img decoding=\"async\" class=\"swiper-slide-image\" src=\"https:\/\/ceas.org.pe\/wp-content\/uploads\/2026\/03\/JPP.jpg\" alt=\"JPP\" \/><\/figure><\/div>\t\t\t<\/div>\n\t\t\t\t\t\t\t\n\t\t\t\t\t\t\t\t\t<div class=\"swiper-pagination\"><\/div>\n\t\t\t\t\t\t\t\t\t<\/div>\n\t\t\t\t\t\t<\/div>\n\t\t\t\t<\/div>\n\t\t<div class=\"elementor-element elementor-element-e36932d e-flex e-con-boxed e-con e-parent\" data-id=\"e36932d\" data-element_type=\"container\" data-e-type=\"container\" data-settings=\"{&quot;background_background&quot;:&quot;classic&quot;}\">\n\t\t\t\t\t<div class=\"e-con-inner\">\n\t\t\t\t<div class=\"elementor-element elementor-element-60a131e elementor-widget elementor-widget-heading\" data-id=\"60a131e\" data-element_type=\"widget\" data-e-type=\"widget\" data-widget_type=\"heading.default\">\n\t\t\t\t\t<h2 class=\"elementor-heading-title elementor-size-default\">PUBLICACIONES<\/h2>\t\t\t\t<\/div>\n\t\t\t\t\t<\/div>\n\t\t\t\t<\/div>\n\t\t<div class=\"elementor-element elementor-element-e08fd48 e-flex e-con-boxed e-con e-parent\" data-id=\"e08fd48\" data-element_type=\"container\" data-e-type=\"container\" data-settings=\"{&quot;background_background&quot;:&quot;classic&quot;}\">\n\t\t\t\t\t<div class=\"e-con-inner\">\n\t\t\t\t<div class=\"elementor-element elementor-element-c3865d8 elementor-widget elementor-widget-heading\" data-id=\"c3865d8\" data-element_type=\"widget\" data-e-type=\"widget\" data-widget_type=\"heading.default\">\n\t\t\t\t\t<h2 class=\"elementor-heading-title elementor-size-default\">Pastoral carcelaria<\/h2>\t\t\t\t<\/div>\n\t\t\t\t\t<\/div>\n\t\t\t\t<\/div>\n\t\t<div class=\"elementor-element elementor-element-4e76cc9 e-flex e-con-boxed e-con e-parent\" data-id=\"4e76cc9\" data-element_type=\"container\" data-e-type=\"container\">\n\t\t\t\t\t<div class=\"e-con-inner\">\n\t\t\t\t<div class=\"elementor-element elementor-element-fabb490 elementor-grid-eael-col-3 elementor-grid-tablet-eael-col-2 elementor-grid-mobile-eael-col-1 elementor-widget elementor-widget-eael-post-grid\" data-id=\"fabb490\" data-element_type=\"widget\" data-e-type=\"widget\" data-settings=\"{&quot;eael_post_grid_columns&quot;:&quot;eael-col-3&quot;,&quot;eael_post_grid_columns_tablet&quot;:&quot;eael-col-2&quot;,&quot;eael_post_grid_columns_mobile&quot;:&quot;eael-col-1&quot;}\" data-widget_type=\"eael-post-grid.default\">\n\t\t\t\t\t<div id=\"eael-post-grid-fabb490\" class=\"eael-post-grid-container\">\n            <div class=\"eael-post-grid eael-post-appender eael-post-appender-fabb490 eael-post-grid-style-two\" data-layout-mode=\"grid\"><article class=\"eael-grid-post  eael-post-grid-column eael-pg-post-8889 category-pastoral-carcelaria-publicaciones-ventana-pastoral\" data-id=\"8889\">\n    <div class=\"eael-grid-post-holder\">\n        <div class=\"eael-grid-post-holder-inner\"><div class=\"eael-entry-wrapper\"><header class=\"eael-entry-header\"><h4 class=\"eael-entry-title\"><a class=\"eael-grid-post-link\" href=\"https:\/\/ceas.org.pe\/index.php\/2026\/04\/07\/desafios-para-el-proximo-gobierno-seguridad-ciudadana-carceles-y-resocializacion\/\" title=\"Desaf\u00edos para el pr\u00f3ximo gobierno SEGURIDAD CIUDADANA, C\u00c1RCELES Y RESOCIALIZACI\u00d3N\">Desaf\u00edos para el pr\u00f3ximo gobierno SEGURIDAD CIUDADANA, C\u00c1RCELES Y RESOCIALIZACI\u00d3N<\/a><\/h4><\/header><div class=\"eael-entry-content\">\n                                <div class=\"eael-grid-post-excerpt\"><p>Ante el actual contexto electoral del Per\u00fa, el Equipo de Coordinaci\u00f3n Nacional de Pastoral de C\u00e1rceles y la Comisi\u00f3n Episcopal de Acci\u00f3n Social, planteamos a los candidatos y las candidatas que aspiran a ser gobernantes, la urgencia de enfrentar temas cr\u00edticos de nuestro sistema penitenciario nacional. Tomando como finalidad la b\u00fasqueda de propuestas racionales que [&hellip;]<\/p><a href=\"https:\/\/ceas.org.pe\/index.php\/2026\/04\/07\/desafios-para-el-proximo-gobierno-seguridad-ciudadana-carceles-y-resocializacion\/\" class=\"eael-post-elements-readmore-btn\">M\u00c1S INFORMACI\u00d3N<\/a><\/div>\n                            <\/div><div class=\"eael-entry-header-after style-two\"><div class=\"eael-entry-meta\"><\/div><\/div><\/div><\/div>\n    <\/div>\n<\/article><article class=\"eael-grid-post  eael-post-grid-column eael-pg-post-8815 category-publicaciones\" data-id=\"8815\">\n    <div class=\"eael-grid-post-holder\">\n        <div class=\"eael-grid-post-holder-inner\"><div class=\"eael-entry-media\"><div class=\"eael-entry-overlay fade-in\"><i class=\"fas fa-file-pdf\" aria-hidden=\"true\"><\/i><a href=\"https:\/\/ceas.org.pe\/index.php\/2026\/03\/24\/las-cosas-nuevas-de-ayer-y-de-hoy-dignidad-y-derechos-de-los-trabajadores\/\"target=\"_blank\"><\/a><\/div><div class=\"eael-entry-thumbnail \">\n                            <img fetchpriority=\"high\" decoding=\"async\" width=\"213\" height=\"300\" src=\"https:\/\/ceas.org.pe\/wp-content\/uploads\/Captura-de-pantalla-2026-03-24-173622-213x300.png\" class=\"attachment-medium size-medium wp-image-8816\" alt=\"\" srcset=\"https:\/\/ceas.org.pe\/wp-content\/uploads\/Captura-de-pantalla-2026-03-24-173622-213x300.png 213w, https:\/\/ceas.org.pe\/wp-content\/uploads\/Captura-de-pantalla-2026-03-24-173622.png 649w\" sizes=\"(max-width: 213px) 100vw, 213px\" \/>\n                            <\/div>\n                    <\/div><div class=\"eael-entry-wrapper\"><header class=\"eael-entry-header\"><h4 class=\"eael-entry-title\"><a class=\"eael-grid-post-link\" href=\"https:\/\/ceas.org.pe\/index.php\/2026\/03\/24\/las-cosas-nuevas-de-ayer-y-de-hoy-dignidad-y-derechos-de-los-trabajadores\/\" title=\"Las \u201ccosas nuevas\u201d de ayer y de hoy Dignidad y derechos de los trabajadores\">Las \u201ccosas nuevas\u201d de ayer y de hoy Dignidad y derechos de los trabajadores<\/a><\/h4><\/header><div class=\"eael-entry-content\">\n                                <div class=\"eael-grid-post-excerpt\"><p><\/p><a href=\"https:\/\/ceas.org.pe\/index.php\/2026\/03\/24\/las-cosas-nuevas-de-ayer-y-de-hoy-dignidad-y-derechos-de-los-trabajadores\/\" class=\"eael-post-elements-readmore-btn\">M\u00c1S INFORMACI\u00d3N<\/a><\/div>\n                            <\/div><div class=\"eael-entry-header-after style-two\"><div class=\"eael-entry-meta\"><\/div><\/div><\/div><\/div>\n    <\/div>\n<\/article><article class=\"eael-grid-post  eael-post-grid-column eael-pg-post-8610 category-criterios-eticos\" data-id=\"8610\">\n    <div class=\"eael-grid-post-holder\">\n        <div class=\"eael-grid-post-holder-inner\"><div class=\"eael-entry-media\"><div class=\"eael-entry-overlay fade-in\"><i class=\"fas fa-file-pdf\" aria-hidden=\"true\"><\/i><a href=\"https:\/\/ceas.org.pe\/index.php\/2026\/03\/19\/folleto-2-criterios-eticos-para-decidir-mejor\/\"target=\"_blank\"><\/a><\/div><div class=\"eael-entry-thumbnail \">\n                            <img decoding=\"async\" width=\"213\" height=\"300\" src=\"https:\/\/ceas.org.pe\/wp-content\/uploads\/Captura-de-pantalla-2026-03-20-145112-213x300.png\" class=\"attachment-medium size-medium wp-image-8611\" alt=\"\" srcset=\"https:\/\/ceas.org.pe\/wp-content\/uploads\/Captura-de-pantalla-2026-03-20-145112-213x300.png 213w, https:\/\/ceas.org.pe\/wp-content\/uploads\/Captura-de-pantalla-2026-03-20-145112.png 306w\" sizes=\"(max-width: 213px) 100vw, 213px\" \/>\n                            <\/div>\n                    <\/div><div class=\"eael-entry-wrapper\"><header class=\"eael-entry-header\"><h4 class=\"eael-entry-title\"><a class=\"eael-grid-post-link\" href=\"https:\/\/ceas.org.pe\/index.php\/2026\/03\/19\/folleto-2-criterios-eticos-para-decidir-mejor\/\" title=\"Folleto 2 &#8211; Criterios \u00c9ticos para Decidir Mejor\">Folleto 2 &#8211; Criterios \u00c9ticos para Decidir Mejor<\/a><\/h4><\/header><div class=\"eael-entry-content\">\n                                <div class=\"eael-grid-post-excerpt\"><p><\/p><a href=\"https:\/\/ceas.org.pe\/index.php\/2026\/03\/19\/folleto-2-criterios-eticos-para-decidir-mejor\/\" class=\"eael-post-elements-readmore-btn\">M\u00c1S INFORMACI\u00d3N<\/a><\/div>\n                            <\/div><div class=\"eael-entry-header-after style-two\"><div class=\"eael-entry-meta\"><\/div><\/div><\/div><\/div>\n    <\/div>\n<\/article><\/div>\n            <div class=\"clearfix\"><\/div>\n        <\/div>            <div class=\"eael-load-more-button-wrap\">\n                <button class=\"eael-load-more-button\" id=\"eael-load-more-btn-fabb490\" data-widget-id=\"fabb490\" data-widget=\"fabb490\" data-page-id=\"801\" data-template=\"{&quot;dir&quot;:&quot;lite&quot;,&quot;file_name&quot;:&quot;two.php&quot;,&quot;name&quot;:&quot;Post-Grid&quot;}\" data-class=\"Essential_Addons_Elementor\\Elements\\Post_Grid\" data-layout=\"grid\" data-page=\"1\" data-args=\"orderby=modified&amp;order=desc&amp;ignore_sticky_posts=1&amp;post_status=publish&amp;posts_per_page=3&amp;offset=0&amp;post_type=post&amp;tax_query%5B0%5D%5Btaxonomy%5D=category&amp;tax_query%5B0%5D%5Bfield%5D=term_id&amp;tax_query%5B0%5D%5Bterms%5D%5B0%5D=5&amp;tax_query%5Brelation%5D=AND\" data-max-page=\"31\">\n                    <span class=\"eael-btn-loader button__loader\"><\/span>\n                    <span class=\"eael_load_more_text\">CARGAR M\u00c1S<\/span>\n                <\/button>\n            <\/div>\n            \t\t\t\t<\/div>\n\t\t\t\t\t<\/div>\n\t\t\t\t<\/div>\n\t\t\t\t<\/div>\n\t\t","protected":false},"excerpt":{"rendered":"<p>PUBLICACIONES Pastoral carcelaria V JORNADA MUNDIAL DE LOS POBRES \u201cA los pobres los tienen siempre con ustedes\u201d (Mc 14, 7) Este material de reflexi\u00f3n que comparte el mensaje del Papa Francisco esperamos sea de su ayuda, no solo para enriquecer la biblioteca sino para enriquecer nuestra labor como agentes pastorales durante todo este a\u00f1o ya [&hellip;]<\/p>\n","protected":false},"author":1,"featured_media":0,"parent":0,"menu_order":0,"comment_status":"closed","ping_status":"closed","template":"","meta":{"footnotes":""},"class_list":["post-801","page","type-page","status-publish","hentry"],"_links":{"self":[{"href":"https:\/\/ceas.org.pe\/index.php\/wp-json\/wp\/v2\/pages\/801","targetHints":{"allow":["GET"]}}],"collection":[{"href":"https:\/\/ceas.org.pe\/index.php\/wp-json\/wp\/v2\/pages"}],"about":[{"href":"https:\/\/ceas.org.pe\/index.php\/wp-json\/wp\/v2\/types\/page"}],"author":[{"embeddable":true,"href":"https:\/\/ceas.org.pe\/index.php\/wp-json\/wp\/v2\/users\/1"}],"replies":[{"embeddable":true,"href":"https:\/\/ceas.org.pe\/index.php\/wp-json\/wp\/v2\/comments?post=801"}],"version-history":[{"count":4,"href":"https:\/\/ceas.org.pe\/index.php\/wp-json\/wp\/v2\/pages\/801\/revisions"}],"predecessor-version":[{"id":812,"href":"https:\/\/ceas.org.pe\/index.php\/wp-json\/wp\/v2\/pages\/801\/revisions\/812"}],"wp:attachment":[{"href":"https:\/\/ceas.org.pe\/index.php\/wp-json\/wp\/v2\/media?parent=801"}],"curies":[{"name":"wp","href":"https:\/\/api.w.org\/{rel}","templated":true}]}}

<div data-elementor-type="wp-page" data-elementor-id="801" class="elementor elementor-801">
				<div class="elementor-element elementor-element-b83c233 e-con-full e-flex e-con e-parent" data-id="b83c233" data-element_type="container" data-e-type="container" data-settings="{&quot;background_background&quot;:&quot;classic&quot;}">
				<div class="elementor-element elementor-element-79eb3f2 elementor-pagination-position-inside elementor-widget__width-inherit elementor-widget elementor-widget-image-carousel" data-id="79eb3f2" data-element_type="widget" data-e-type="widget" data-settings="{&quot;slides_to_show&quot;:&quot;1&quot;,&quot;navigation&quot;:&quot;dots&quot;,&quot;autoplay&quot;:&quot;yes&quot;,&quot;pause_on_hover&quot;:&quot;yes&quot;,&quot;pause_on_interaction&quot;:&quot;yes&quot;,&quot;autoplay_speed&quot;:5000,&quot;infinite&quot;:&quot;yes&quot;,&quot;effect&quot;:&quot;slide&quot;,&quot;speed&quot;:500}" data-widget_type="image-carousel.default">
							<div class="elementor-image-carousel-wrapper swiper" role="region" aria-roledescription="carousel" aria-label="Carrusel de imágenes" dir="ltr">
			<div class="elementor-image-carousel swiper-wrapper swiper-image-stretch" aria-live="off">
								<div class="swiper-slide" role="group" aria-roledescription="slide" aria-label="1 de 6"><figure class="swiper-slide-inner"><img decoding="async" class="swiper-slide-image" src="https://ceas.org.pe/wp-content/uploads/2026/03/CEAS_banner000.jpg" alt="CEAS_banner000" /></figure></div><div class="swiper-slide" role="group" aria-roledescription="slide" aria-label="2 de 6"><figure class="swiper-slide-inner"><img decoding="async" class="swiper-slide-image" src="https://ceas.org.pe/wp-content/uploads/2026/03/CEAS_banner003.jpg" alt="CEAS_banner003" /></figure></div><div class="swiper-slide" role="group" aria-roledescription="slide" aria-label="3 de 6"><figure class="swiper-slide-inner"><img decoding="async" class="swiper-slide-image" src="https://ceas.org.pe/wp-content/uploads/2026/03/BANNER-WEB-agosto.png" alt="BANNER-WEB-agosto" /></figure></div><div class="swiper-slide" role="group" aria-roledescription="slide" aria-label="4 de 6"><figure class="swiper-slide-inner"><img decoding="async" class="swiper-slide-image" src="https://ceas.org.pe/wp-content/uploads/2026/03/CBC-01.png" alt="CBC-01" /></figure></div><div class="swiper-slide" role="group" aria-roledescription="slide" aria-label="5 de 6"><figure class="swiper-slide-inner"><img decoding="async" class="swiper-slide-image" src="https://ceas.org.pe/wp-content/uploads/2026/03/JPP.png" alt="JPP" /></figure></div><div class="swiper-slide" role="group" aria-roledescription="slide" aria-label="6 de 6"><figure class="swiper-slide-inner"><img decoding="async" class="swiper-slide-image" src="https://ceas.org.pe/wp-content/uploads/2026/03/JPP.jpg" alt="JPP" /></figure></div>			</div>
							
									<div class="swiper-pagination"></div>
									</div>
						</div>
				</div>
		<div class="elementor-element elementor-element-e36932d e-flex e-con-boxed e-con e-parent" data-id="e36932d" data-element_type="container" data-e-type="container" data-settings="{&quot;background_background&quot;:&quot;classic&quot;}">
					<div class="e-con-inner">
				<div class="elementor-element elementor-element-60a131e elementor-widget elementor-widget-heading" data-id="60a131e" data-element_type="widget" data-e-type="widget" data-widget_type="heading.default">
					<h2 class="elementor-heading-title elementor-size-default">PUBLICACIONES</h2>				</div>
					</div>
				</div>
		<div class="elementor-element elementor-element-e08fd48 e-flex e-con-boxed e-con e-parent" data-id="e08fd48" data-element_type="container" data-e-type="container" data-settings="{&quot;background_background&quot;:&quot;classic&quot;}">
					<div class="e-con-inner">
				<div class="elementor-element elementor-element-c3865d8 elementor-widget elementor-widget-heading" data-id="c3865d8" data-element_type="widget" data-e-type="widget" data-widget_type="heading.default">
					<h2 class="elementor-heading-title elementor-size-default">Pastoral carcelaria</h2>				</div>
					</div>
				</div>
		<div class="elementor-element elementor-element-4e76cc9 e-flex e-con-boxed e-con e-parent" data-id="4e76cc9" data-element_type="container" data-e-type="container">
					<div class="e-con-inner">
				<div class="elementor-element elementor-element-fabb490 elementor-grid-eael-col-3 elementor-grid-tablet-eael-col-2 elementor-grid-mobile-eael-col-1 elementor-widget elementor-widget-eael-post-grid" data-id="fabb490" data-element_type="widget" data-e-type="widget" data-settings="{&quot;eael_post_grid_columns&quot;:&quot;eael-col-3&quot;,&quot;eael_post_grid_columns_tablet&quot;:&quot;eael-col-2&quot;,&quot;eael_post_grid_columns_mobile&quot;:&quot;eael-col-1&quot;}" data-widget_type="eael-post-grid.default">
					<div id="eael-post-grid-fabb490" class="eael-post-grid-container">
            <div class="eael-post-grid eael-post-appender eael-post-appender-fabb490 eael-post-grid-style-two" data-layout-mode="grid"><article class="eael-grid-post  eael-post-grid-column eael-pg-post-8889 category-pastoral-carcelaria-publicaciones-ventana-pastoral" data-id="8889">
    <div class="eael-grid-post-holder">
        <div class="eael-grid-post-holder-inner"><div class="eael-entry-wrapper"><header class="eael-entry-header"><h4 class="eael-entry-title"><a class="eael-grid-post-link" href="https://ceas.org.pe/index.php/2026/04/07/desafios-para-el-proximo-gobierno-seguridad-ciudadana-carceles-y-resocializacion/" title="Desafíos para el próximo gobierno SEGURIDAD CIUDADANA, CÁRCELES Y RESOCIALIZACIÓN">Desafíos para el próximo gobierno SEGURIDAD CIUDADANA, CÁRCELES Y RESOCIALIZACIÓN</a></h4></header><div class="eael-entry-content">
                                <div class="eael-grid-post-excerpt"><p>Ante el actual contexto electoral del Perú, el Equipo de Coordinación Nacional de Pastoral de Cárceles y la Comisión Episcopal de Acción Social, planteamos a los candidatos y las candidatas que aspiran a ser gobernantes, la urgencia de enfrentar temas críticos de nuestro sistema penitenciario nacional. Tomando como finalidad la búsqueda de propuestas racionales que [&hellip;]</p><a href="https://ceas.org.pe/index.php/2026/04/07/desafios-para-el-proximo-gobierno-seguridad-ciudadana-carceles-y-resocializacion/" class="eael-post-elements-readmore-btn">MÁS INFORMACIÓN</a></div>
                            </div><div class="eael-entry-header-after style-two"><div class="eael-entry-meta"></div></div></div></div>
    </div>
</article><article class="eael-grid-post  eael-post-grid-column eael-pg-post-8815 category-publicaciones" data-id="8815">
    <div class="eael-grid-post-holder">
        <div class="eael-grid-post-holder-inner"><div class="eael-entry-media"><div class="eael-entry-overlay fade-in"><i class="fas fa-file-pdf" aria-hidden="true"></i><a href="https://ceas.org.pe/index.php/2026/03/24/las-cosas-nuevas-de-ayer-y-de-hoy-dignidad-y-derechos-de-los-trabajadores/"target="_blank"></a></div><div class="eael-entry-thumbnail ">
                            <img fetchpriority="high" decoding="async" width="213" height="300" src="https://ceas.org.pe/wp-content/uploads/Captura-de-pantalla-2026-03-24-173622-213x300.png" class="attachment-medium size-medium wp-image-8816" alt="" srcset="https://ceas.org.pe/wp-content/uploads/Captura-de-pantalla-2026-03-24-173622-213x300.png 213w, https://ceas.org.pe/wp-content/uploads/Captura-de-pantalla-2026-03-24-173622.png 649w" sizes="(max-width: 213px) 100vw, 213px" />
                            </div>
                    </div><div class="eael-entry-wrapper"><header class="eael-entry-header"><h4 class="eael-entry-title"><a class="eael-grid-post-link" href="https://ceas.org.pe/index.php/2026/03/24/las-cosas-nuevas-de-ayer-y-de-hoy-dignidad-y-derechos-de-los-trabajadores/" title="Las “cosas nuevas” de ayer y de hoy Dignidad y derechos de los trabajadores">Las “cosas nuevas” de ayer y de hoy Dignidad y derechos de los trabajadores</a></h4></header><div class="eael-entry-content">
                                <div class="eael-grid-post-excerpt"><p></p><a href="https://ceas.org.pe/index.php/2026/03/24/las-cosas-nuevas-de-ayer-y-de-hoy-dignidad-y-derechos-de-los-trabajadores/" class="eael-post-elements-readmore-btn">MÁS INFORMACIÓN</a></div>
                            </div><div class="eael-entry-header-after style-two"><div class="eael-entry-meta"></div></div></div></div>
    </div>
</article><article class="eael-grid-post  eael-post-grid-column eael-pg-post-8610 category-criterios-eticos" data-id="8610">
    <div class="eael-grid-post-holder">
        <div class="eael-grid-post-holder-inner"><div class="eael-entry-media"><div class="eael-entry-overlay fade-in"><i class="fas fa-file-pdf" aria-hidden="true"></i><a href="https://ceas.org.pe/index.php/2026/03/19/folleto-2-criterios-eticos-para-decidir-mejor/"target="_blank"></a></div><div class="eael-entry-thumbnail ">
                            <img decoding="async" width="213" height="300" src="https://ceas.org.pe/wp-content/uploads/Captura-de-pantalla-2026-03-20-145112-213x300.png" class="attachment-medium size-medium wp-image-8611" alt="" srcset="https://ceas.org.pe/wp-content/uploads/Captura-de-pantalla-2026-03-20-145112-213x300.png 213w, https://ceas.org.pe/wp-content/uploads/Captura-de-pantalla-2026-03-20-145112.png 306w" sizes="(max-width: 213px) 100vw, 213px" />
                            </div>
                    </div><div class="eael-entry-wrapper"><header class="eael-entry-header"><h4 class="eael-entry-title"><a class="eael-grid-post-link" href="https://ceas.org.pe/index.php/2026/03/19/folleto-2-criterios-eticos-para-decidir-mejor/" title="Folleto 2 &#8211; Criterios Éticos para Decidir Mejor">Folleto 2 &#8211; Criterios Éticos para Decidir Mejor</a></h4></header><div class="eael-entry-content">
                                <div class="eael-grid-post-excerpt"><p></p><a href="https://ceas.org.pe/index.php/2026/03/19/folleto-2-criterios-eticos-para-decidir-mejor/" class="eael-post-elements-readmore-btn">MÁS INFORMACIÓN</a></div>
                            </div><div class="eael-entry-header-after style-two"><div class="eael-entry-meta"></div></div></div></div>
    </div>
</article></div>
            <div class="clearfix"></div>
        </div>            <div class="eael-load-more-button-wrap">
                <button class="eael-load-more-button" id="eael-load-more-btn-fabb490" data-widget-id="fabb490" data-widget="fabb490" data-page-id="801" data-template="{&quot;dir&quot;:&quot;lite&quot;,&quot;file_name&quot;:&quot;two.php&quot;,&quot;name&quot;:&quot;Post-Grid&quot;}" data-class="Essential_Addons_Elementor\Elements\Post_Grid" data-layout="grid" data-page="1" data-args="orderby=modified&amp;order=desc&amp;ignore_sticky_posts=1&amp;post_status=publish&amp;posts_per_page=3&amp;offset=0&amp;post_type=post&amp;tax_query%5B0%5D%5Btaxonomy%5D=category&amp;tax_query%5B0%5D%5Bfield%5D=term_id&amp;tax_query%5B0%5D%5Bterms%5D%5B0%5D=5&amp;tax_query%5Brelation%5D=AND" data-max-page="31">
                    <span class="eael-btn-loader button__loader"></span>
                    <span class="eael_load_more_text">CARGAR MÁS</span>
                </button>
            </div>
            				</div>
					</div>
				</div>
				</div>

<p>PUBLICACIONES Pastoral carcelaria V JORNADA MUNDIAL DE LOS POBRES “A los pobres los tienen siempre con ustedes” (Mc 14, 7) Este material de reflexión que comparte el mensaje del Papa Francisco esperamos sea de su ayuda, no solo para enriquecer la biblioteca sino para enriquecer nuestra labor como agentes pastorales durante todo este año ya [&hellip;]</p>
