{"id":5480,"date":"2026-03-10T20:56:55","date_gmt":"2026-03-11T01:56:55","guid":{"rendered":"http:\/\/web.hilo.org.pe\/?page_id=5480"},"modified":"2026-03-10T21:08:09","modified_gmt":"2026-03-11T02:08:09","slug":"noticias-2","status":"publish","type":"page","link":"https:\/\/ceas.org.pe\/index.php\/noticias-2\/","title":{"rendered":"Noticias"},"content":{"rendered":"\t\t<div data-elementor-type=\"wp-page\" data-elementor-id=\"5480\" class=\"elementor elementor-5480\">\n\t\t\t\t<div class=\"elementor-element elementor-element-98dcb26 e-flex e-con-boxed e-con e-parent\" data-id=\"98dcb26\" data-element_type=\"container\" data-e-type=\"container\">\n\t\t\t\t\t<div class=\"e-con-inner\">\n\t\t\t\t<div class=\"elementor-element elementor-element-2d7a322 elementor-widget elementor-widget-eael-post-timeline\" data-id=\"2d7a322\" data-element_type=\"widget\" data-e-type=\"widget\" data-widget_type=\"eael-post-timeline.default\">\n\t\t\t\t\t<div id=\"eael-post-timeline-2d7a322\" class=\"eael-post-timeline timeline-layout-default eael-post-timeline-arrow-\">\n            <div class=\"eael-post-timeline eael-post-appender eael-post-appender-2d7a322\"><article class=\"eael-timeline-post eael-timeline-column\">\n    <div class=\"eael-timeline-bullet\"><\/div>\n    <div class=\"eael-timeline-post-inner\">\n        <a class=\"eael-timeline-post-link\" href=\"https:\/\/ceas.org.pe\/index.php\/2026\/04\/30\/solo-20-de-avance-afectados-por-metales-toxicos-demandan-al-gobierno-ampliar-el-plan-para-su-atencion\/\" title=\"Solo 20% de avance: afectados por metales t\u00f3xicos demandan al Gobierno ampliar el plan para su atenci\u00f3n\">\n            <time datetime=\"30 de abril de 2026\">30 de abril de 2026<\/time>\n            <div class=\"eael-timeline-post-image  attachment-medium size-medium\" style=\"background-image: url(https:\/\/ceas.org.pe\/wp-content\/uploads\/DSC08529-2-scaled-1-300x200.jpg);\"><\/div><div class=\"eael-timeline-post-excerpt\"><p>A cuatro a\u00f1os de exigencia de la\u00a0Plataforma Nacional de Afectadas y Afectados por Metales Pesados, Metaloides y Otras Sustancias Qu\u00edmicas T\u00f3xicas (Planametox), la Presidencia de Consejo de Ministros se comprometi\u00f3 a remitir el primer informe de ejecuci\u00f3n de actividades a ser realizado por MINAM para la extensi\u00f3n del\u00a0Plan Especial Multisectorial (PEM), La creaci\u00f3n del\u00a0Registro Nacional [&hellip;]<\/p><\/div><div class=\"eael-timeline-post-title\">\n                    <h6 class=\"eael-timeline-post-title-text\">Solo 20% de avance: afectados por metales t\u00f3xicos demandan al Gobierno ampliar el plan para su atenci\u00f3n<\/h6>\n                <\/div><\/a>\n    <\/div>\n<\/article><article class=\"eael-timeline-post eael-timeline-column\">\n    <div class=\"eael-timeline-bullet\"><\/div>\n    <div class=\"eael-timeline-post-inner\">\n        <a class=\"eael-timeline-post-link\" href=\"https:\/\/ceas.org.pe\/index.php\/2026\/04\/12\/el-cambio-empieza-en-las-urnas-es-momento-de-tomar-partido-por-nuestro-pais\/\" title=\"El cambio empieza en las Urnas, es momento de tomar partido por nuestro pa\u00eds\">\n            <time datetime=\"12 de abril de 2026\">12 de abril de 2026<\/time>\n            <div class=\"eael-timeline-post-image  attachment-medium size-medium\" style=\"background-image: url(https:\/\/ceas.org.pe\/wp-content\/uploads\/IMG_0638-Editada.jpg-300x205.jpeg);\"><\/div><div class=\"eael-timeline-post-excerpt\"><p>Escrito por: Carmen Yesenia Serrano Amaut Diversas organizaciones de la sociedad civil expresaron su voz, y llamaron a la poblaci\u00f3n a \u201cprotestar con su voto\u201d para recuperar la democracia en medio de un complejo contexto electoral en el que reina la confusi\u00f3n y el desencanto pol\u00edtico. El 09 de abril, organizaciones defensoras de derechos humanos, [&hellip;]<\/p><\/div><div class=\"eael-timeline-post-title\">\n                    <h6 class=\"eael-timeline-post-title-text\">El cambio empieza en las Urnas, es momento de tomar partido por nuestro pa\u00eds<\/h6>\n                <\/div><\/a>\n    <\/div>\n<\/article><article class=\"eael-timeline-post eael-timeline-column\">\n    <div class=\"eael-timeline-bullet\"><\/div>\n    <div class=\"eael-timeline-post-inner\">\n        <a class=\"eael-timeline-post-link\" href=\"https:\/\/ceas.org.pe\/index.php\/2026\/04\/07\/desafios-para-el-proximo-gobierno-seguridad-ciudadana-carceles-y-resocializacion\/\" title=\"Desaf\u00edos para el pr\u00f3ximo gobierno SEGURIDAD CIUDADANA, C\u00c1RCELES Y RESOCIALIZACI\u00d3N\">\n            <time datetime=\"7 de abril de 2026\">7 de abril de 2026<\/time>\n            <div class=\"eael-timeline-post-image  attachment-medium size-medium\" style=\"background-image: url();\"><\/div><div class=\"eael-timeline-post-excerpt\"><p>Ante el actual contexto electoral del Per\u00fa, el Equipo de Coordinaci\u00f3n Nacional de Pastoral de C\u00e1rceles y la Comisi\u00f3n Episcopal de Acci\u00f3n Social, planteamos a los candidatos y las candidatas que aspiran a ser gobernantes, la urgencia de enfrentar temas cr\u00edticos de nuestro sistema penitenciario nacional. Tomando como finalidad la b\u00fasqueda de propuestas racionales que [&hellip;]<\/p><\/div><div class=\"eael-timeline-post-title\">\n                    <h6 class=\"eael-timeline-post-title-text\">Desaf\u00edos para el pr\u00f3ximo gobierno SEGURIDAD CIUDADANA, C\u00c1RCELES Y RESOCIALIZACI\u00d3N<\/h6>\n                <\/div><\/a>\n    <\/div>\n<\/article><article class=\"eael-timeline-post eael-timeline-column\">\n    <div class=\"eael-timeline-bullet\"><\/div>\n    <div class=\"eael-timeline-post-inner\">\n        <a class=\"eael-timeline-post-link\" href=\"https:\/\/ceas.org.pe\/index.php\/2026\/04\/03\/via-crucis-electoral\/\" title=\"Via Crucis Electoral\">\n            <time datetime=\"3 de abril de 2026\">3 de abril de 2026<\/time>\n            <div class=\"eael-timeline-post-image  attachment-medium size-medium\" style=\"background-image: url(https:\/\/ceas.org.pe\/wp-content\/uploads\/657042013_10232009471928766_8316377529314034179_n-300x164.jpg);\"><\/div><div class=\"eael-timeline-post-excerpt\"><p>Autor: Davinson Correa SJ &nbsp; Quiero compartir contigo, para tu reflexi\u00f3n personal, familiar o comunitaria, este camino hacia la Cruz en tiempo electoral. No pretendo politizar ni secularizar esta hermosa oraci\u00f3n, sino ayudarnos a reconocer que la vida y la fe no van por caminos separados. Tambi\u00e9n, en medio de nuestras decisiones como sociedad, estamos [&hellip;]<\/p><\/div><div class=\"eael-timeline-post-title\">\n                    <h6 class=\"eael-timeline-post-title-text\">Via Crucis Electoral<\/h6>\n                <\/div><\/a>\n    <\/div>\n<\/article><\/div>\n\t\t<\/div>            <div class=\"eael-load-more-button-wrap eael-force-hide\">\n                <button class=\"eael-load-more-button\" id=\"eael-load-more-btn-2d7a322\" data-widget-id=\"2d7a322\" data-widget=\"2d7a322\" data-page-id=\"5480\" data-template=\"{&quot;dir&quot;:&quot;lite&quot;,&quot;file_name&quot;:&quot;default.php&quot;,&quot;name&quot;:&quot;Post-Timeline&quot;}\" data-class=\"Essential_Addons_Elementor\\Elements\\Post_Timeline\" data-layout=\"\" data-page=\"1\" data-args=\"orderby=date&amp;order=desc&amp;ignore_sticky_posts=1&amp;post_status=publish&amp;posts_per_page=4&amp;offset=0&amp;post_type=post&amp;tax_query%5B0%5D%5Btaxonomy%5D=category&amp;tax_query%5B0%5D%5Bfield%5D=term_id&amp;tax_query%5B0%5D%5Bterms%5D%5B0%5D=9&amp;tax_query%5Brelation%5D=AND\" data-max-page=\"562\">\n                    <span class=\"eael-btn-loader button__loader\"><\/span>\n                    <span class=\"eael_load_more_text\"><\/span>\n                <\/button>\n            <\/div>\n            \t\t\t\t<\/div>\n\t\t\t\t\t<\/div>\n\t\t\t\t<\/div>\n\t\t\t\t<\/div>\n\t\t","protected":false},"excerpt":{"rendered":"<p>7 de marzo de 2026 Otro derrame de petr\u00f3leo en el R\u00edo, el n\u00famero de barriles, a\u00fan es incalculable, se conoce, por fuente de los pobladores de la zona, que fue ocasionando por derramarse el crudo de la manguera abastecedora de la Barcaza Bravo, proveedora brasile\u00f1a de la empresa Upland O\u00edl &amp; Gas, ocasionando que [&hellip;]<\/p>\n","protected":false},"author":1,"featured_media":0,"parent":0,"menu_order":0,"comment_status":"closed","ping_status":"closed","template":"","meta":{"footnotes":""},"class_list":["post-5480","page","type-page","status-publish","hentry"],"_links":{"self":[{"href":"https:\/\/ceas.org.pe\/index.php\/wp-json\/wp\/v2\/pages\/5480","targetHints":{"allow":["GET"]}}],"collection":[{"href":"https:\/\/ceas.org.pe\/index.php\/wp-json\/wp\/v2\/pages"}],"about":[{"href":"https:\/\/ceas.org.pe\/index.php\/wp-json\/wp\/v2\/types\/page"}],"author":[{"embeddable":true,"href":"https:\/\/ceas.org.pe\/index.php\/wp-json\/wp\/v2\/users\/1"}],"replies":[{"embeddable":true,"href":"https:\/\/ceas.org.pe\/index.php\/wp-json\/wp\/v2\/comments?post=5480"}],"version-history":[{"count":12,"href":"https:\/\/ceas.org.pe\/index.php\/wp-json\/wp\/v2\/pages\/5480\/revisions"}],"predecessor-version":[{"id":5494,"href":"https:\/\/ceas.org.pe\/index.php\/wp-json\/wp\/v2\/pages\/5480\/revisions\/5494"}],"wp:attachment":[{"href":"https:\/\/ceas.org.pe\/index.php\/wp-json\/wp\/v2\/media?parent=5480"}],"curies":[{"name":"wp","href":"https:\/\/api.w.org\/{rel}","templated":true}]}}