{"id":473,"date":"2026-03-01T22:48:16","date_gmt":"2026-03-02T03:48:16","guid":{"rendered":"https:\/\/web.hilo.org.pe\/?page_id=473"},"modified":"2026-03-01T22:52:22","modified_gmt":"2026-03-02T03:52:22","slug":"pastoral-de-la-salud-salud-ambiental-y-humana","status":"publish","type":"page","link":"https:\/\/ceas.org.pe\/index.php\/pastoral-de-la-salud-salud-ambiental-y-humana\/","title":{"rendered":"Pastoral de la Salud: Salud Ambiental y Humana"},"content":{"rendered":"\t\t<div data-elementor-type=\"wp-page\" data-elementor-id=\"473\" class=\"elementor elementor-473\">\n\t\t\t\t<div class=\"elementor-element elementor-element-e36932d e-flex e-con-boxed e-con e-parent\" data-id=\"e36932d\" data-element_type=\"container\" data-e-type=\"container\" data-settings=\"{&quot;background_background&quot;:&quot;classic&quot;}\">\n\t\t\t\t\t<div class=\"e-con-inner\">\n\t\t\t\t<div class=\"elementor-element elementor-element-60a131e elementor-widget elementor-widget-heading\" data-id=\"60a131e\" data-element_type=\"widget\" data-e-type=\"widget\" data-widget_type=\"heading.default\">\n\t\t\t\t\t<h2 class=\"elementor-heading-title elementor-size-default\">Pastoral de la Salud: Salud Ambiental y Humana<\/h2>\t\t\t\t<\/div>\n\t\t\t\t\t<\/div>\n\t\t\t\t<\/div>\n\t\t<div class=\"elementor-element elementor-element-478f515 e-flex e-con-boxed e-con e-parent\" data-id=\"478f515\" data-element_type=\"container\" data-e-type=\"container\">\n\t\t\t\t\t<div class=\"e-con-inner\">\n\t\t\t\t<div class=\"elementor-element elementor-element-3bf364e elementor-widget elementor-widget-text-editor\" data-id=\"3bf364e\" data-element_type=\"widget\" data-e-type=\"widget\" data-widget_type=\"text-editor.default\">\n\t\t\t\t\t\t\t\t\t<p>La Pastoral de C\u00e1rceles es la labor que realiza la Iglesia en fidelidad con el Evangelio de Jes\u00fas y la Doctrina Social de la Iglesia a favor de la dignidad humana de la persona encarcelada y de todos quienes participan en el sistema Penitenciario.<\/p><p>El Programa Justicia Penal y Penitenciaria, contribuye con la promoci\u00f3n y defensa de los derechos humanos en el sistema penitenciario, y participa en la animaci\u00f3n, asesor\u00eda, promoci\u00f3n y coordinaci\u00f3n de la Pastoral de C\u00e1rceles local, provincial y nacional. Realiza esta labor en coordinaci\u00f3n con los Equipos Pastorales Locales y con el Equipo de Liderazgo de Pastoral de C\u00e1rceles Nacional.<\/p>\t\t\t\t\t\t\t\t<\/div>\n\t\t\t\t<div class=\"elementor-element elementor-element-447d6b4 elementor-widget elementor-widget-text-editor\" data-id=\"447d6b4\" data-element_type=\"widget\" data-e-type=\"widget\" data-widget_type=\"text-editor.default\">\n\t\t\t\t\t\t\t\t\t<p>La Pastoral de C\u00e1rceles es la labor que realiza la Iglesia en fidelidad con el Evangelio de Jes\u00fas y la Doctrina Social de la Iglesia a favor de la dignidad humana de la persona encarcelada y de todos quienes participan en el sistema Penitenciario.<\/p><p>El Programa Justicia Penal y Penitenciaria, contribuye con la promoci\u00f3n y defensa de los derechos humanos en el sistema penitenciario, y participa en la animaci\u00f3n, asesor\u00eda, promoci\u00f3n y coordinaci\u00f3n de la Pastoral de C\u00e1rceles local, provincial y nacional. Realiza esta labor en coordinaci\u00f3n con los Equipos Pastorales Locales y con el Equipo de Liderazgo de Pastoral de C\u00e1rceles Nacional.<\/p>\t\t\t\t\t\t\t\t<\/div>\n\t\t\t\t\t<\/div>\n\t\t\t\t<\/div>\n\t\t<div class=\"elementor-element elementor-element-0fadbaa e-flex e-con-boxed e-con e-parent\" data-id=\"0fadbaa\" data-element_type=\"container\" data-e-type=\"container\">\n\t\t\t\t\t<div class=\"e-con-inner\">\n\t\t\t\t<div class=\"elementor-element elementor-element-e268e2e elementor-pagination-position-outside elementor-widget elementor-widget-image-carousel\" data-id=\"e268e2e\" data-element_type=\"widget\" data-e-type=\"widget\" data-settings=\"{&quot;slides_to_show&quot;:&quot;3&quot;,&quot;slides_to_scroll&quot;:&quot;3&quot;,&quot;navigation&quot;:&quot;dots&quot;,&quot;autoplay&quot;:&quot;yes&quot;,&quot;pause_on_hover&quot;:&quot;yes&quot;,&quot;pause_on_interaction&quot;:&quot;yes&quot;,&quot;autoplay_speed&quot;:5000,&quot;infinite&quot;:&quot;yes&quot;,&quot;speed&quot;:500,&quot;image_spacing_custom&quot;:{&quot;unit&quot;:&quot;px&quot;,&quot;size&quot;:20,&quot;sizes&quot;:[]},&quot;image_spacing_custom_tablet&quot;:{&quot;unit&quot;:&quot;px&quot;,&quot;size&quot;:&quot;&quot;,&quot;sizes&quot;:[]},&quot;image_spacing_custom_mobile&quot;:{&quot;unit&quot;:&quot;px&quot;,&quot;size&quot;:&quot;&quot;,&quot;sizes&quot;:[]}}\" data-widget_type=\"image-carousel.default\">\n\t\t\t\t\t\t\t<div class=\"elementor-image-carousel-wrapper swiper\" role=\"region\" aria-roledescription=\"carousel\" aria-label=\"Carrusel de im\u00e1genes\" dir=\"ltr\">\n\t\t\t<div class=\"elementor-image-carousel swiper-wrapper\" aria-live=\"off\">\n\t\t\t\t\t\t\t\t<div class=\"swiper-slide\" role=\"group\" aria-roledescription=\"slide\" aria-label=\"1 de 3\"><figure class=\"swiper-slide-inner\"><img decoding=\"async\" class=\"swiper-slide-image\" src=\"https:\/\/ceas.org.pe\/wp-content\/uploads\/elementor\/thumbs\/JPP-rjvk9pughekvvqc6gqdvslyag9pyngflz3utpcnb7s.png\" alt=\"JPP\" \/><\/figure><\/div><div class=\"swiper-slide\" role=\"group\" aria-roledescription=\"slide\" aria-label=\"2 de 3\"><figure class=\"swiper-slide-inner\"><img decoding=\"async\" class=\"swiper-slide-image\" src=\"https:\/\/ceas.org.pe\/wp-content\/uploads\/elementor\/thumbs\/CBC-01-rjvk9owmakjlk4djm7z9846tuvulfrbvmz7c82ope0.png\" alt=\"CBC-01\" \/><\/figure><\/div><div class=\"swiper-slide\" role=\"group\" aria-roledescription=\"slide\" aria-label=\"3 de 3\"><figure class=\"swiper-slide-inner\"><img decoding=\"async\" class=\"swiper-slide-image\" src=\"https:\/\/ceas.org.pe\/wp-content\/uploads\/elementor\/thumbs\/BANNER-WEB-agosto-rjvk9nys3qib8iewrpkmnmfd9hz88285aujuqsq3k8.png\" alt=\"BANNER-WEB-agosto\" \/><\/figure><\/div>\t\t\t<\/div>\n\t\t\t\t\t\t\t\n\t\t\t\t\t\t\t\t\t<div class=\"swiper-pagination\"><\/div>\n\t\t\t\t\t\t\t\t\t<\/div>\n\t\t\t\t\t\t<\/div>\n\t\t\t\t\t<\/div>\n\t\t\t\t<\/div>\n\t\t\t\t<\/div>\n\t\t","protected":false},"excerpt":{"rendered":"<p>Pastoral de la Salud: Salud Ambiental y Humana La Pastoral de C\u00e1rceles es la labor que realiza la Iglesia en fidelidad con el Evangelio de Jes\u00fas y la Doctrina Social de la Iglesia a favor de la dignidad humana de la persona encarcelada y de todos quienes participan en el sistema Penitenciario. El Programa Justicia [&hellip;]<\/p>\n","protected":false},"author":1,"featured_media":0,"parent":0,"menu_order":0,"comment_status":"closed","ping_status":"closed","template":"","meta":{"footnotes":""},"class_list":["post-473","page","type-page","status-publish","hentry"],"_links":{"self":[{"href":"https:\/\/ceas.org.pe\/index.php\/wp-json\/wp\/v2\/pages\/473","targetHints":{"allow":["GET"]}}],"collection":[{"href":"https:\/\/ceas.org.pe\/index.php\/wp-json\/wp\/v2\/pages"}],"about":[{"href":"https:\/\/ceas.org.pe\/index.php\/wp-json\/wp\/v2\/types\/page"}],"author":[{"embeddable":true,"href":"https:\/\/ceas.org.pe\/index.php\/wp-json\/wp\/v2\/users\/1"}],"replies":[{"embeddable":true,"href":"https:\/\/ceas.org.pe\/index.php\/wp-json\/wp\/v2\/comments?post=473"}],"version-history":[{"count":16,"href":"https:\/\/ceas.org.pe\/index.php\/wp-json\/wp\/v2\/pages\/473\/revisions"}],"predecessor-version":[{"id":489,"href":"https:\/\/ceas.org.pe\/index.php\/wp-json\/wp\/v2\/pages\/473\/revisions\/489"}],"wp:attachment":[{"href":"https:\/\/ceas.org.pe\/index.php\/wp-json\/wp\/v2\/media?parent=473"}],"curies":[{"name":"wp","href":"https:\/\/api.w.org\/{rel}","templated":true}]}}

<div data-elementor-type="wp-page" data-elementor-id="473" class="elementor elementor-473">
				<div class="elementor-element elementor-element-e36932d e-flex e-con-boxed e-con e-parent" data-id="e36932d" data-element_type="container" data-e-type="container" data-settings="{&quot;background_background&quot;:&quot;classic&quot;}">
					<div class="e-con-inner">
				<div class="elementor-element elementor-element-60a131e elementor-widget elementor-widget-heading" data-id="60a131e" data-element_type="widget" data-e-type="widget" data-widget_type="heading.default">
					<h2 class="elementor-heading-title elementor-size-default">Pastoral de la Salud: Salud Ambiental y Humana</h2>				</div>
					</div>
				</div>
		<div class="elementor-element elementor-element-478f515 e-flex e-con-boxed e-con e-parent" data-id="478f515" data-element_type="container" data-e-type="container">
					<div class="e-con-inner">
				<div class="elementor-element elementor-element-3bf364e elementor-widget elementor-widget-text-editor" data-id="3bf364e" data-element_type="widget" data-e-type="widget" data-widget_type="text-editor.default">
									<p>La Pastoral de Cárceles es la labor que realiza la Iglesia en fidelidad con el Evangelio de Jesús y la Doctrina Social de la Iglesia a favor de la dignidad humana de la persona encarcelada y de todos quienes participan en el sistema Penitenciario.</p><p>El Programa Justicia Penal y Penitenciaria, contribuye con la promoción y defensa de los derechos humanos en el sistema penitenciario, y participa en la animación, asesoría, promoción y coordinación de la Pastoral de Cárceles local, provincial y nacional. Realiza esta labor en coordinación con los Equipos Pastorales Locales y con el Equipo de Liderazgo de Pastoral de Cárceles Nacional.</p>								</div>
				<div class="elementor-element elementor-element-447d6b4 elementor-widget elementor-widget-text-editor" data-id="447d6b4" data-element_type="widget" data-e-type="widget" data-widget_type="text-editor.default">
									<p>La Pastoral de Cárceles es la labor que realiza la Iglesia en fidelidad con el Evangelio de Jesús y la Doctrina Social de la Iglesia a favor de la dignidad humana de la persona encarcelada y de todos quienes participan en el sistema Penitenciario.</p><p>El Programa Justicia Penal y Penitenciaria, contribuye con la promoción y defensa de los derechos humanos en el sistema penitenciario, y participa en la animación, asesoría, promoción y coordinación de la Pastoral de Cárceles local, provincial y nacional. Realiza esta labor en coordinación con los Equipos Pastorales Locales y con el Equipo de Liderazgo de Pastoral de Cárceles Nacional.</p>								</div>
					</div>
				</div>
		<div class="elementor-element elementor-element-0fadbaa e-flex e-con-boxed e-con e-parent" data-id="0fadbaa" data-element_type="container" data-e-type="container">
					<div class="e-con-inner">
				<div class="elementor-element elementor-element-e268e2e elementor-pagination-position-outside elementor-widget elementor-widget-image-carousel" data-id="e268e2e" data-element_type="widget" data-e-type="widget" data-settings="{&quot;slides_to_show&quot;:&quot;3&quot;,&quot;slides_to_scroll&quot;:&quot;3&quot;,&quot;navigation&quot;:&quot;dots&quot;,&quot;autoplay&quot;:&quot;yes&quot;,&quot;pause_on_hover&quot;:&quot;yes&quot;,&quot;pause_on_interaction&quot;:&quot;yes&quot;,&quot;autoplay_speed&quot;:5000,&quot;infinite&quot;:&quot;yes&quot;,&quot;speed&quot;:500,&quot;image_spacing_custom&quot;:{&quot;unit&quot;:&quot;px&quot;,&quot;size&quot;:20,&quot;sizes&quot;:[]},&quot;image_spacing_custom_tablet&quot;:{&quot;unit&quot;:&quot;px&quot;,&quot;size&quot;:&quot;&quot;,&quot;sizes&quot;:[]},&quot;image_spacing_custom_mobile&quot;:{&quot;unit&quot;:&quot;px&quot;,&quot;size&quot;:&quot;&quot;,&quot;sizes&quot;:[]}}" data-widget_type="image-carousel.default">
							<div class="elementor-image-carousel-wrapper swiper" role="region" aria-roledescription="carousel" aria-label="Carrusel de imágenes" dir="ltr">
			<div class="elementor-image-carousel swiper-wrapper" aria-live="off">
								<div class="swiper-slide" role="group" aria-roledescription="slide" aria-label="1 de 3"><figure class="swiper-slide-inner"><img decoding="async" class="swiper-slide-image" src="https://ceas.org.pe/wp-content/uploads/elementor/thumbs/JPP-rjvk9pughekvvqc6gqdvslyag9pyngflz3utpcnb7s.png" alt="JPP" /></figure></div><div class="swiper-slide" role="group" aria-roledescription="slide" aria-label="2 de 3"><figure class="swiper-slide-inner"><img decoding="async" class="swiper-slide-image" src="https://ceas.org.pe/wp-content/uploads/elementor/thumbs/CBC-01-rjvk9owmakjlk4djm7z9846tuvulfrbvmz7c82ope0.png" alt="CBC-01" /></figure></div><div class="swiper-slide" role="group" aria-roledescription="slide" aria-label="3 de 3"><figure class="swiper-slide-inner"><img decoding="async" class="swiper-slide-image" src="https://ceas.org.pe/wp-content/uploads/elementor/thumbs/BANNER-WEB-agosto-rjvk9nys3qib8iewrpkmnmfd9hz88285aujuqsq3k8.png" alt="BANNER-WEB-agosto" /></figure></div>			</div>
							
									<div class="swiper-pagination"></div>
									</div>
						</div>
					</div>
				</div>
				</div>

<p>Pastoral de la Salud: Salud Ambiental y Humana La Pastoral de Cárceles es la labor que realiza la Iglesia en fidelidad con el Evangelio de Jesús y la Doctrina Social de la Iglesia a favor de la dignidad humana de la persona encarcelada y de todos quienes participan en el sistema Penitenciario. El Programa Justicia [&hellip;]</p>
