{"id":216,"date":"2026-03-01T20:42:12","date_gmt":"2026-03-02T01:42:12","guid":{"rendered":"https:\/\/web.hilo.org.pe\/?page_id=216"},"modified":"2026-03-09T17:28:10","modified_gmt":"2026-03-09T22:28:10","slug":"fotos","status":"publish","type":"page","link":"https:\/\/ceas.org.pe\/index.php\/fotos\/","title":{"rendered":"Fotograf\u00eda"},"content":{"rendered":"<figure><img decoding=\"async\" src=\"http:\/\/web.hilo.org.pe\/wp-content\/uploads\/2026\/03\/CEAS_banner000.jpg\" alt=\"CEAS_banner000\" \/><\/figure>\n<figure><img decoding=\"async\" src=\"http:\/\/web.hilo.org.pe\/wp-content\/uploads\/2026\/03\/CEAS_banner003.jpg\" alt=\"CEAS_banner003\" \/><\/figure>\n<figure><img decoding=\"async\" src=\"http:\/\/web.hilo.org.pe\/wp-content\/uploads\/2026\/03\/BANNER-WEB-agosto.png\" alt=\"BANNER-WEB-agosto\" \/><\/figure>\n<figure><img decoding=\"async\" src=\"http:\/\/web.hilo.org.pe\/wp-content\/uploads\/2026\/03\/CBC-01.png\" alt=\"CBC-01\" \/><\/figure>\n<figure><img decoding=\"async\" src=\"http:\/\/web.hilo.org.pe\/wp-content\/uploads\/2026\/03\/JPP.png\" alt=\"JPP\" \/><\/figure>\n<figure><img decoding=\"async\" src=\"http:\/\/web.hilo.org.pe\/wp-content\/uploads\/2026\/03\/JPP.jpg\" alt=\"JPP\" \/><\/figure>\n<h2>Galer\u00eda de Fotos<\/h2>\n<figure><img decoding=\"async\" src=\"http:\/\/web.hilo.org.pe\/wp-content\/uploads\/2026\/03\/JPP-150x150.png\" alt=\"JPP\" \/><\/figure>\n<figure><img decoding=\"async\" src=\"http:\/\/web.hilo.org.pe\/wp-content\/uploads\/2026\/03\/CBC-01-150x150.png\" alt=\"CBC-01\" \/><\/figure>\n<figure><img decoding=\"async\" src=\"http:\/\/web.hilo.org.pe\/wp-content\/uploads\/2026\/03\/BANNER-WEB-agosto-150x150.png\" alt=\"BANNER-WEB-agosto\" \/><\/figure>\n<p>\t\t\t\t\t\t<svg aria-hidden=\"true\" viewBox=\"0 0 1000 1000\" xmlns=\"http:\/\/www.w3.org\/2000\/svg\"><path d=\"M646 125C629 125 613 133 604 142L308 442C296 454 292 471 292 487 292 504 296 521 308 533L604 854C617 867 629 875 646 875 663 875 679 871 692 858 704 846 713 829 713 812 713 796 708 779 692 767L438 487 692 225C700 217 708 204 708 187 708 171 704 154 692 142 675 129 663 125 646 125Z\"><\/path><\/svg><br \/>\n\t\t\t\t\t\t<svg aria-hidden=\"true\" viewBox=\"0 0 1000 1000\" xmlns=\"http:\/\/www.w3.org\/2000\/svg\"><path d=\"M696 533C708 521 713 504 713 487 713 471 708 454 696 446L400 146C388 133 375 125 354 125 338 125 325 129 313 142 300 154 292 171 292 187 292 204 296 221 308 233L563 492 304 771C292 783 288 800 288 817 288 833 296 850 308 863 321 871 338 875 354 875 371 875 388 867 400 854L696 533Z\"><\/path><\/svg>\t\t\t\t\t<\/p>\n<p>Lorem fistrum por la gloria de mi madre esse jarl aliqua llevame al sircoo. De la pradera ullamco qu\u00e9 dise usteer est\u00e1 la cosa muy malar.Lorem fistrum por la gloria de mi madre esse jarl aliqua llevame al sircoo. De la pradera ullamco qu\u00e9 dise usteer est\u00e1 la cosa muy malar.Lorem fistrum por la gloria de mi madre esse jarl aliqua llevame al sircoo. De la pradera ullamco qu\u00e9 dise usteer est\u00e1 la cosa muy malar.Lorem fistrum por la gloria de mi madre esse jarl aliqua llevame al sircoo. De la pradera ullamco qu\u00e9 dise usteer est\u00e1 la cosa muy malar.Lorem fistrum por la gloria de mi madre esse jarl aliqua llevame al sircoo. De la pradera ullamco qu\u00e9 dise usteer est\u00e1 la cosa muy malar.Lorem fistrum por la gloria de mi madre esse jarl aliqua llevame al sircoo. De la pradera ullamco qu\u00e9 dise usteer est\u00e1 la cosa muy malar.<\/p>\n<h2>\u00daltimos V\u00eddeos<\/h2>\n<p>\t\thttps:\/\/youtu.be\/kNKuVwxpPYU?si=yyCr7YRq2P9DAQkShttps:\/\/youtu.be\/tKXgA3THgXE?si=q4-zYk22Ozvc8-EBhttps:\/\/www.youtube.com\/watch?v=hBMhLBP055k<\/p>\n<p>Explicaci\u00f3n sobre la sentencia del Tribunal Constitucional en materia penitenciaria y las 10 propuestas estrat\u00e9gicas de CEAS para enfrentar la cr\u00edtica situaci\u00f3n de las c\u00e1rceles.<\/p>\n<p>El Cardenal Pedro Barreto Jimeno, SJ. explica la intenci\u00f3n y los desaf\u00edos de la iniciativa Pastoral de la Conferencia Episcopal Peruana \u00abResucita Per\u00fa ahora\u00bb. Nos llama a la unidad. Todos somos convocados en los diversos campos: pol\u00edtico social cient\u00edfico y en todo orden de cosas. Se trata de una iniciativa pastoral cient\u00edfica con m\u00edstica y espiritualidad.<\/p>\n<p>CEAS entreg\u00f3 a Mons. Luis Bambar\u00e9n SJ, Obispo Em\u00e9rito de Chimbote, el Premio Nacional \u201cVoz Prof\u00e9tica en Pastoral Social, Derechos Humanos y servicio a los pobres\u201d. Reconocimiento realizado en el marco del 55\u00b0 aniversario de CEAS, el 11 de marzo de 2020 en la Catedral de Lima.<\/p>\n","protected":false},"excerpt":{"rendered":"<p>Galer\u00eda de Fotos Lorem fistrum por la gloria de mi madre esse jarl aliqua llevame al sircoo. De la pradera ullamco qu\u00e9 dise usteer est\u00e1 la cosa muy malar.Lorem fistrum por la gloria de mi madre esse jarl aliqua llevame al sircoo. De la pradera ullamco qu\u00e9 dise usteer est\u00e1 la cosa muy malar.Lorem fistrum [&hellip;]<\/p>\n","protected":false},"author":1,"featured_media":0,"parent":0,"menu_order":0,"comment_status":"closed","ping_status":"closed","template":"","meta":{"footnotes":""},"class_list":["post-216","page","type-page","status-publish","hentry"],"_links":{"self":[{"href":"https:\/\/ceas.org.pe\/index.php\/wp-json\/wp\/v2\/pages\/216","targetHints":{"allow":["GET"]}}],"collection":[{"href":"https:\/\/ceas.org.pe\/index.php\/wp-json\/wp\/v2\/pages"}],"about":[{"href":"https:\/\/ceas.org.pe\/index.php\/wp-json\/wp\/v2\/types\/page"}],"author":[{"embeddable":true,"href":"https:\/\/ceas.org.pe\/index.php\/wp-json\/wp\/v2\/users\/1"}],"replies":[{"embeddable":true,"href":"https:\/\/ceas.org.pe\/index.php\/wp-json\/wp\/v2\/comments?post=216"}],"version-history":[{"count":26,"href":"https:\/\/ceas.org.pe\/index.php\/wp-json\/wp\/v2\/pages\/216\/revisions"}],"predecessor-version":[{"id":694,"href":"https:\/\/ceas.org.pe\/index.php\/wp-json\/wp\/v2\/pages\/216\/revisions\/694"}],"wp:attachment":[{"href":"https:\/\/ceas.org.pe\/index.php\/wp-json\/wp\/v2\/media?parent=216"}],"curies":[{"name":"wp","href":"https:\/\/api.w.org\/{rel}","templated":true}]}}

Fotografía

<figure><img decoding="async" src="http://web.hilo.org.pe/wp-content/uploads/2026/03/CEAS_banner000.jpg" alt="CEAS_banner000" /></figure>
<figure><img decoding="async" src="http://web.hilo.org.pe/wp-content/uploads/2026/03/CEAS_banner003.jpg" alt="CEAS_banner003" /></figure>
<figure><img decoding="async" src="http://web.hilo.org.pe/wp-content/uploads/2026/03/BANNER-WEB-agosto.png" alt="BANNER-WEB-agosto" /></figure>
<figure><img decoding="async" src="http://web.hilo.org.pe/wp-content/uploads/2026/03/CBC-01.png" alt="CBC-01" /></figure>
<figure><img decoding="async" src="http://web.hilo.org.pe/wp-content/uploads/2026/03/JPP.png" alt="JPP" /></figure>
<figure><img decoding="async" src="http://web.hilo.org.pe/wp-content/uploads/2026/03/JPP.jpg" alt="JPP" /></figure>
<h2>Galería de Fotos</h2>
<figure><img decoding="async" src="http://web.hilo.org.pe/wp-content/uploads/2026/03/JPP-150x150.png" alt="JPP" /></figure>
<figure><img decoding="async" src="http://web.hilo.org.pe/wp-content/uploads/2026/03/CBC-01-150x150.png" alt="CBC-01" /></figure>
<figure><img decoding="async" src="http://web.hilo.org.pe/wp-content/uploads/2026/03/BANNER-WEB-agosto-150x150.png" alt="BANNER-WEB-agosto" /></figure>
<p>						<svg aria-hidden="true" viewBox="0 0 1000 1000" xmlns="http://www.w3.org/2000/svg"><path d="M646 125C629 125 613 133 604 142L308 442C296 454 292 471 292 487 292 504 296 521 308 533L604 854C617 867 629 875 646 875 663 875 679 871 692 858 704 846 713 829 713 812 713 796 708 779 692 767L438 487 692 225C700 217 708 204 708 187 708 171 704 154 692 142 675 129 663 125 646 125Z"></path></svg><br />
						<svg aria-hidden="true" viewBox="0 0 1000 1000" xmlns="http://www.w3.org/2000/svg"><path d="M696 533C708 521 713 504 713 487 713 471 708 454 696 446L400 146C388 133 375 125 354 125 338 125 325 129 313 142 300 154 292 171 292 187 292 204 296 221 308 233L563 492 304 771C292 783 288 800 288 817 288 833 296 850 308 863 321 871 338 875 354 875 371 875 388 867 400 854L696 533Z"></path></svg>					</p>
<p>Lorem fistrum por la gloria de mi madre esse jarl aliqua llevame al sircoo. De la pradera ullamco qué dise usteer está la cosa muy malar.Lorem fistrum por la gloria de mi madre esse jarl aliqua llevame al sircoo. De la pradera ullamco qué dise usteer está la cosa muy malar.Lorem fistrum por la gloria de mi madre esse jarl aliqua llevame al sircoo. De la pradera ullamco qué dise usteer está la cosa muy malar.Lorem fistrum por la gloria de mi madre esse jarl aliqua llevame al sircoo. De la pradera ullamco qué dise usteer está la cosa muy malar.Lorem fistrum por la gloria de mi madre esse jarl aliqua llevame al sircoo. De la pradera ullamco qué dise usteer está la cosa muy malar.Lorem fistrum por la gloria de mi madre esse jarl aliqua llevame al sircoo. De la pradera ullamco qué dise usteer está la cosa muy malar.</p>
<h2>Últimos Vídeos</h2>
<p>		https://youtu.be/kNKuVwxpPYU?si=yyCr7YRq2P9DAQkShttps://youtu.be/tKXgA3THgXE?si=q4-zYk22Ozvc8-EBhttps://www.youtube.com/watch?v=hBMhLBP055k</p>
<p>Explicación sobre la sentencia del Tribunal Constitucional en materia penitenciaria y las 10 propuestas estratégicas de CEAS para enfrentar la crítica situación de las cárceles.</p>
<p>El Cardenal Pedro Barreto Jimeno, SJ. explica la intención y los desafíos de la iniciativa Pastoral de la Conferencia Episcopal Peruana «Resucita Perú ahora». Nos llama a la unidad. Todos somos convocados en los diversos campos: político social científico y en todo orden de cosas. Se trata de una iniciativa pastoral científica con mística y espiritualidad.</p>
<p>CEAS entregó a Mons. Luis Bambarén SJ, Obispo Emérito de Chimbote, el Premio Nacional “Voz Profética en Pastoral Social, Derechos Humanos y servicio a los pobres”. Reconocimiento realizado en el marco del 55° aniversario de CEAS, el 11 de marzo de 2020 en la Catedral de Lima.</p>

<p>Galería de Fotos Lorem fistrum por la gloria de mi madre esse jarl aliqua llevame al sircoo. De la pradera ullamco qué dise usteer está la cosa muy malar.Lorem fistrum por la gloria de mi madre esse jarl aliqua llevame al sircoo. De la pradera ullamco qué dise usteer está la cosa muy malar.Lorem fistrum [&hellip;]</p>
